z?
6
Let v be (8/(-28))/(3/(-357)). Let w = 58 - v. What is the units digit of w?
4
Suppose -3*d = 4*s - 12, 0*d + 5*s - 12 = -3*d. Suppose o + 1 = -x, 4*x - d*o = -9*o - 3. What is the tens digit of x + (2 - 1 - -29)?
2
Let s(c) = 57*c + 12. Let b be s(6). Suppose b = 4*o - 30. What is the tens digit of o?
9
Suppose 2*b + 2*b + 5*y = -4, 3*b = -5*y - 8. Let x be (-3 - -1 - -1)*-29. Suppose 0 = -u - 4, t = 2*t - b*u - x. What is the tens digit of t?
1
Suppose p + 5*g = -7, 0 = 3*g - 7 + 10. What is the tens digit of 1650/(-24)*p + 2/(-4)?
3
Suppose w - 6 = -w. Let p(y) = -w*y**2 + 5 - 11*y + 2*y**2 + 4. What is the units digit of p(-10)?
9
Let c(j) = 3*j - 27. Let g be c(9). Suppose 0 = -g*l - 7*l. Let u(f) = f**3 - f**2 + 2*f + 34. What is the tens digit of u(l)?
3
Suppose -140 = 7*o - 11*o. Let k = o - 30. What is the units digit of k?
5
Let x = 164 - 95. Let f = 48 + -93. Let s = f + x. What is the units digit of s?
4
Let t be 3*(-1 - (-3 + 1)). Suppose -3*w - 2*w = -s + 28, -70 = -t*s + w. What is the units digit of s?
3
What is the hundreds digit of 2/4 - 11298/(-12) - -5?
9
Let h = 612 - 534. What is the tens digit of h?
7
Let p(d) = -d**2 + 21*d - 16. Let i be p(20). Let g = 22 - i. Suppose -78 = -3*w + g. What is the tens digit of w?
3
Suppose 2*b + 3*b - 675 = 0. Let k = -73 + b. What is the units digit of k?
2
Suppose t - 4*m - 9 = -0, 5*t - 21 = -4*m. Let n be ((-18)/(-15))/(1/t). Let q(k) = k**3 - 5*k**2 + 2*k - 4. What is the tens digit of q(n)?
4
Let n = -526 + 2042. What is the units digit of n?
6
Let w = 24 - 27. Let v be (20 - 16) + 1 + w. Suppose -4*n - 44 = -4*y, -v = 5*y + 5*n - 7. What is the units digit of y?
6
Let z be 26 + 4/(0 + -2). Suppose -z = l - 9*l. What is the units digit of l?
3
Let z(t) = t - 1. Let k be z(5). Suppose k*u - 5*g + 253 = 0, -2*u - 119 = -g + 6*g. Let c = u - -122. What is the units digit of c?
0
Let b be ((-66)/(-44))/((-5)/8 + 1). Suppose -3*t + 171 = n - 2*n, 0 = 2*t - b*n - 104. What is the tens digit of t?
5
Let c(m) = 0 + 2 + m - 2. Let d(n) = -2*n + 2. Let q(t) = 5*c(t) + d(t). What is the tens digit of q(3)?
1
Let g be 60/14 + (-34)/119. Suppose -8 = -g*h - s, 3*h + 0*h - 6 = -2*s. Suppose 1 = -h*t + 77. What is the tens digit of t?
3
Let y be (2/(-5) - 1)/((-23)/115). Suppose -22 = -w - y. What is the tens digit of w?
1
Let w = -8 - -19. Let u = w - 6. Suppose -108 = -u*m - 3*b - 13, 0 = 4*m + b - 76. What is the tens digit of m?
1
Let n be 334/4 - (-3)/(-2). Suppose 2*w = -4*b + n, 2*w = 2*b - 2*w - 56. Let r = b + -15. What is the units digit of r?
7
Suppose 0 = 5*m - 4*i + 1, 0*i = 2*i - 8. Suppose w - m = 4*v, 5*w - 3*v + v + 75 = 0. What is the units digit of (1 - 2)/(1/w)?
7
Let i(h) be the first derivative of -2*h**2 + 10*h - 3. Let a be i(8). Let m = 53 + a. What is the units digit of m?
1
Suppose 5*v - 9 = 1. Let w be 1/1*-1 + 1. Suppose w = -v*d - 3*d + 90. What is the units digit of d?
8
Suppose 576 = -w + 13*w. What is the tens digit of w?
4
What is the units digit of (-38)/8 + 4 - 15192/(-32)?
4
Let x = 1635 - 472. What is the hundreds digit of x?
1
Suppose 3*h + 4*g + 11 = 0, -h - 2*h = 3*g + 15. What is the tens digit of 6/h + 141/9?
1
Let y be (-1915)/(-20) - (-1)/4. Suppose -6 + y = v. What is the tens digit of v?
9
Let t = 1863 - 807. What is the hundreds digit of t?
0
Suppose 18*k - 13*k + 5*r - 19085 = 0, 0 = 4*r + 20. What is the thousands digit of k?
3
Suppose -k + 64 = -103. Let b = k + -97. What is the units digit of b?
0
What is the tens digit of 93 - (-6 - 44/(-4))?
8
Let q be 2/5 + 1*(-92)/(-20). Let w(n) = 3*n**2 + 15*n - 5. What is the tens digit of w(q)?
4
Suppose -5*g + 9*o - 4*o = -15, 0 = 4*g + 5*o - 21. Suppose 8*y + 190 = 54. What is the tens digit of -2 - 4/(g/y)?
1
Suppose 0 = m - p - 80, -m - 5*p = 18 - 104. Suppose -5*x - m + 1571 = 0. What is the units digit of (-4)/(-20) - x/(-10)?
0
Let p = 1629 + -670. What is the hundreds digit of p?
9
Let s = 6 - 4. Suppose 2*h + 16 = 2*y, s*h + 16 = -2*h. Suppose -y*l + 2*l = -72. What is the units digit of l?
6
Let y(w) be the second derivative of -w**4/12 - 3*w**3/2 - w**2 + 7*w. Let l be y(-9). What is the tens digit of l*((-33)/2 + -2)?
3
Suppose -244*n + 4490 = -234*n. What is the tens digit of n?
4
Suppose 3*s - 3 = 0, -3*p - 85 + 636 = 5*s. Suppose -2*t + 738 = 4*b, p = 3*b - 4*t - 388. What is the hundreds digit of b?
1
Let q(c) = c**2 - 8*c. Let s be q(8). Let p be (1 - 2) + s + 1. Suppose -5*f + 59 = 4*i, 4*f + i + 3*i - 48 = p. What is the tens digit of f?
1
Suppose 1 = 3*v - 2. Let z(i) = -6*i**2 - 1. Let u be z(v). Let m(x) = x**2 + 4*x - 10. What is the tens digit of m(u)?
1
Let c = 5842 - 1838. What is the tens digit of c?
0
Let a = 14 - 16. What is the tens digit of (a - 1)*(-13)/1?
3
Let v(u) = 4*u**2 - 31*u - 10. What is the units digit of v(13)?
3
Suppose 0 = -4*z + 3*h + 50, 4*z - 5*h - 19 = 27. What is the units digit of (-878)/(-14) - (-4)/z?
3
Suppose -2*w + 216 = 5*g, -g + 0*g = -2*w + 240. Let p = w + -21. What is the tens digit of p?
9
Let q(f) be the third derivative of -f**6/120 - f**5/60 - f**3/3 - 146*f**2. Suppose 3*s + 8 = 2. What is the units digit of q(s)?
2
Suppose 9*i - 4*i - 9415 = 0. What is the tens digit of i?
8
Let n(x) = -5*x + 10. Let k be n(0). Let g(i) = 19*i + 34. What is the tens digit of g(k)?
2
Suppose -a + 4*f = 5*f - 9, 8 = -3*a + 4*f. Suppose -k + 2*k = -5*v + 65, 5*k = a*v + 470. What is the tens digit of k?
9
Let l(k) = -k**2 - 6*k - 2. Let g be l(-6). Let u be ((-5)/(-1))/(g/(-2)). Suppose u*x - 29 - 66 = -2*y, 2*y = 2*x - 38. What is the units digit of x?
9
Let p = 3 + 0. Let w(a) = -8*a - 3. Let l be w(-3). What is the units digit of ((-4)/p)/((-7)/l)?
4
Let f = -12 - -12. Suppose -3*u + f - 3 = 0. What is the units digit of (3 - (0 - u)) + 17?
9
Suppose -2*n + 5*n + 4*s - 32 = 0, s - 9 = -n. Let t = n + 67. What is the tens digit of t?
7
Suppose 398 = 13*u - 3112. What is the hundreds digit of u?
2
Suppose -5*u + 2*u - 3*v + 6 = 0, 0 = -4*u - 5*v + 5. Suppose -7 = u*s - 137. What is the tens digit of s?
2
Let u(j) = -15*j. Let s(h) = 2*h**2 - 11*h + 2. Let z be s(5). What is the units digit of u(z)?
5
Suppose -4*o = -3*j - 5497, -2*o - 5*j + 4142 = 1387. What is the thousands digit of o?
1
Suppose 0 = 2*v - 5*y - 1303, -4*v - 5*y = v - 3205. Suppose -629 = -4*m + d, 3*m = -m + 4*d + v. Let l = -83 + m. What is the tens digit of l?
7
Suppose 69*p - 76*p = -3549. What is the units digit of p?
7
Suppose -5*a = -7*a + 1844. What is the hundreds digit of a?
9
Let v(d) = d. Let j(m) = -m - 1. Let s(h) = 2*j(h) - v(h). Let a be s(-2). Suppose a = i - 30. What is the tens digit of i?
3
Suppose 3*x = 2*k - 0*x - 21, 26 = 2*k - 4*x. Suppose k*j + 10 = 193. What is the tens digit of j?
6
Let a(j) = 7*j**2 + 3*j + 86. What is the hundreds digit of a(9)?
6
Let n(x) = -x**3 + 7*x**2 - 5*x + 3. Suppose -6 = -0*g - g. Let c be n(g). Let h = c - 0. What is the units digit of h?
9
Let k(h) = -36*h**2 + h - 5. Let s(t) = -t**2 - 1. Let c(r) = -k(r) + 5*s(r). Suppose -2*g + 6*g + 4*a = -8, 5 = -g - 2*a. What is the units digit of c(g)?
0
Suppose -17*n - 1395 + 6818 = 0. What is the tens digit of n?
1
Suppose -z + 25 = 2*d, -d - 26 = -3*z + 77. Suppose -3*y = 9 - z. What is the units digit of y?
8
Let u(g) = 27*g**2 - 9*g + 22. What is the tens digit of u(5)?
5
Let v(p) = -p**3 - p**2 + 3*p + 3. Let s be v(-3). Let i = -63 + 63. Suppose i = -2*g - 3*k + 57, -k = g - s - 16. What is the tens digit of g?
2
Let r be 1 - (-15)/4 - (-4)/16. Suppose 4*u = -20, r*u = q - 91 - 146. What is the hundreds digit of q?
2
Let h(w) be the third derivative of w**5/30 - w**4/12 - w**3/6 + w**2. Suppose -17*n - 4 = -13*n. What is the units digit of h(n)?
3
Suppose 0 = 4*z - 2*z. Suppose z = 2*f - 3*m - 25, 0 = -2*f + 3*f - 4*m - 5. Let t = f + -7. What is the tens digit of t?
1
What is the tens digit of (-828200)/(-140) + -20 + 2/7?
9
Let m(v) = v**3 - 6*v**2 + 4*v + 5. Let r be m(6). Let t(i) = 2*i**2 - i - 2. Let y be t(-3). Let o = r - y. What is the tens digit of o?
1
Let p(f) = 14*f - 9. Let h be p(1). What is the hundreds digit of h*(-44)/(-14)*7?
1
Suppose -11*q + 76 = 3*y - 13*q, 0 = -y + 4*q + 12. What is the units digit of y?
8
Let n be -38*((-9)/6 + -1). Suppose -n = -2*z - 